 b(v) = 3*v - 19. Let r be (-28)/6*(-18)/12. Let c be b(r). Suppose -5*m = -4*n - c + 41, n = -m + 12. What are the prime factors of n?
11
Let b(t) = -2*t**2 + 94*t - 16. Let m be b(35). Let x = -65 + m. What are the prime factors of x?
3, 11, 23
Let c be (-2)/5 + -6*(-1256)/240. Let w = 46 - c. What are the prime factors of w?
3, 5
Let w be ((-12)/(-7))/((-14)/(-49)). Suppose -206 - 94 = -w*r. What are the prime factors of r?
2, 5
Let c(g) be the first derivative of -2*g**2 - 8*g - 10. Let r be c(-3). Suppose r*s - 272 = -0*s. List the prime factors of s.
2, 17
Suppose 0 = -62*t + 463309 + 1067347. What are the prime factors of t?
2, 1543
Suppose -1671 = -4*d + 3*z, 4*d - z = -5*z + 1692. Let f = d + -208. What are the prime factors of f?
2, 53
Let k be 1*(3 + -2 + 1 + 1). Let n(s) = 33 - 11 + 38 + k - 9*s. What are the prime factors of n(-22)?
3, 29
Let y = 6128 - -2183. List the prime factors of y.
8311
Let x(g) = 13*g**2 - 29*g - 11. Let c be x(13). Suppose 95*i - c = 92*i. What are the prime factors of i?
3, 67
Suppose 4244 = -3*m - m - 3*a, 1061 = -m + 4*a. Let i = m + 1495. List the prime factors of i.
2, 7, 31
Suppose -192*w - 169*w = -395*w + 1779390. List the prime factors of w.
3, 5, 1163
Let q be (2*4/8)/(11/(-110)). List the prime factors of (-5)/50*2 - 13092/q.
7, 11, 17
Let q(w) = -w**2 + 19*w + 95. Let g be q(-4). Suppose g*h = 518 - 104. What are the prime factors of h?
2, 3, 23
Let u = 212 + -210. Suppose 0 = i + u*l - 41, 0 = -i - 5*l + 12 + 20. What are the prime factors of i?
47
Let k(c) = c**2 + 15*c + 7. Let g be k(19). Suppose g = l - 172. Suppose 30*z = 25*z + l. What are the prime factors of z?
3, 5, 11
Let v(x) = -653*x + 3678. List the prime factors of v(-23).
7, 2671
Let d = -40447 - -58561. What are the prime factors of d?
2, 3, 3019
Suppose b + 1996 = 5*q, -3*q = -4*b - 6878 - 1038. Let f = 2996 + b. Suppose 0 = 3*t - f + 234. List the prime factors of t.
2, 131
Suppose -12 = 4*q, z - 4*q = -2*q + 13. List the prime factors of (z - -6 - 10)/((-1)/(-20)).
2, 3, 5
Suppose 10*q - 221 = -31. Let m(x) = x**2 - 13*x + 4. Let d be m(q). Suppose -10 - d = -a. List the prime factors of a.
2
Suppose -40 = -9*s - 13. Suppose -5*m + s*d = d + 1452, 0 = -3*m - d - 869. What are the prime factors of m/(-4) + 6/4?
2, 37
Suppose -13 = -4*v - 17, -2*v = -2*s - 598. Let n = -224 - s. What are the prime factors of n?
2, 19
Suppose -2*v + 35042 = -2*t, 2*v = 4*t + 45649 - 10617. What are the prime factors of v?
2, 3, 23, 127
Let s(t) = -22 - 6*t - 14*t + 26*t - 13*t + 14*t**2. What are the prime factors of s(6)?
2, 5, 11
Let m be ((-36)/(-20))/(5/25). Let x(t) = m + 10*t - 1 + 4*t**2 - 7. List the prime factors of x(-6).
5, 17
Suppose 17 - 1 = 8*k. Suppose b + k = -b, 0 = 4*l - 2*b - 1322. Suppose -s - l = -7*s. What are the prime factors of s?
5, 11
Let p = 1401 - -159. Suppose 5*d - 754 = -v, -3*v + d + p = -718. List the prime factors of v.
3, 11, 23
Let g be -3*((-2502)/(-27) + 6). Let c = 876 + g. List the prime factors of c.
2, 5, 29
Suppose -253 = 27*v - 28*v. Suppose -181 = -7*m + v. List the prime factors of (1/4)/(1/4) + m.
3, 7
Let v(u) = 700*u - 4125. What are the prime factors of v(75)?
3, 5, 43
Suppose -5*y + 6425 + 5975 = 0. Suppose 51*t = 41*t + y. List the prime factors of t.
2, 31
Suppose 5*k - 2 = -2*o + 2, 6 = -4*k + 3*o. Let h be (k/16)/(0 + -1) - -514. Suppose -h = -6*g + 14. What are the prime factors of g?
2, 11
Let a be 7/(21/15) - 2. Let d be (-20)/8*(-2 - 38). Suppose 101 + d = a*p. List the prime factors of p.
67
Suppose -3*l = -l + 4*p - 18872, l - 9432 = -4*p. List the prime factors of l.
2, 5, 59
Suppose 269*k = 122*k + 430122. What are the prime factors of k?
2, 7, 11, 19
Let k = -452 + 1446. What are the prime factors of k?
2, 7, 71
Let f be (3/7)/((-18)/(-819))*18. Suppose 4*d = -t + 723, -2*d + f = -t - 2*t. What are the prime factors of d?
2, 3, 5
Let j = 5684 - 2163. Suppose 3219 = 20*v - j. What are the prime factors of v?
337
Let c(s) = 2*s + 11. Let g be c(3). Suppose 2286 = -11*f + g*f. What are the prime factors of f?
3, 127
Let s(c) = 10 + 14*c + 0*c**3 - 3 + c**3 + 11*c**2. Let v = -1175 - -1169. What are the prime factors of s(v)?
103
List the prime factors of (-137 - 247)*(-12 - -1).
2, 3, 11
Let l(o) = 2*o**2 - 5*o - 37. Let j be l(-6). Suppose -m = 3*n - 1919, -m - j - 572 = -n. What are the prime factors of n?
3, 71
Let s(z) = -z**3 + 4*z**2 + 9*z - 12. Let c(x) = -19*x - 82. Let h be c(-4). List the prime factors of s(h).
2, 3, 7
Let g be (153/(-27) - -4)/((-10)/72). Suppose -2547 = -3*w - 2*d, -g*w - 3*d = -10*w - 1693. List the prime factors of w.
23, 37
Suppose -u = -3*v - 15076, -u - 13*v + 15058 = -14*v. What are the prime factors of u?
101, 149
Let k = 13617 + -1218. List the prime factors of k.
3, 4133
Let x(q) = q**2 + 15*q - 52. Let h(c) = c**2 + 16*c - 52. Let n(d) = -2*h(d) + 3*x(d). What are the prime factors of n(-35)?
2, 359
List the prime factors of ((-873536)/64)/(-2*(-1)/(-2)).
13649
Let x(n) = n**3 + 60*n**2 - 144*n + 186. List the prime factors of x(-51).
3, 10313
Suppose 4*o - 6 = -2*j, -2*o - o - 36 = -3*j. Let f(c) = 8*c + 100. What are the prime factors of f(j)?
2, 43
Let v(k) be the third derivative of 6*k**2 + 1/30*k**5 + 3/8*k**4 + 0*k + 0 + 2/3*k**3. List the prime factors of v(-7).
3, 13
Let y be 8/2 + (36/9 - 6). Suppose 5*r - 807 = -h - 2*h, 0 = 3*r - y*h - 469. List the prime factors of r.
3, 53
What are the prime factors of 9*(15 + 4669/63)?
2, 401
Suppose -3*s - 5 = -5*y + 6, 3*y - 9 = s. Suppose -12 + y = -4*n. Suppose -3*h + n*d - 16 + 82 = 0, 0 = 2*h + d - 37. What are the prime factors of h?
2, 5
Let x = -584 + 576. List the prime factors of x/(-4) + 71 + -1.
2, 3
Let o(w) = 27*w + 1221. List the prime factors of o(35).
2, 3, 19
Let p = -293 - -304. Suppose 4*r = z - 38, -r - 92 = 8*z - p*z. What are the prime factors of z?
2, 3, 5
What are the prime factors of ((935/44)/17 - -9)/(1/36)?
3, 41
Let z(k) = -2*k**2 + 7*k - 3. Let u be z(3). Suppose 0 = 5*t + 2*a - u*a - 25, -8 = -4*t - 4*a. Suppose -475 - 428 = -t*o. List the prime factors of o.
3, 43
Let i = -12 + -5. Let u = i + 20. Suppose 8*h = u*h + 330. List the prime factors of h.
2, 3, 11
Let u(q) = 130*q**2 - q + 13. List the prime factors of u(-11).
2, 7877
Let x = -100 + 100. Suppose -b + 3*n - 6 = x, 2*n + 6 = b + 5*n. Suppose -2*y + 2*g + 386 = b, 5*g + 377 + 194 = 3*y. List the prime factors of y.
197
Let z(y) = -4*y**2 + 29*y - 2. Let j be z(7). Suppose 0*f - j*f + 270 = -4*a, -3*f = 2*a - 162. List the prime factors of f.
2, 3
Suppose 3*c + 4*q - 117745 = 0, -41*c + 45*c - 4*q = 156984. List the prime factors of c.
13, 3019
Suppose 2*s - 1038 = 2*t, 3*s = -t - 323 + 1864. Let c = s - 305. What are the prime factors of c?
2, 3, 5, 7
Suppose 30*b - 202147 = -35857. List the prime factors of b.
23, 241
Let h(t) = t**3 - 17*t**2 - 56*t - 5. Let g be h(14). Let l = -337 - g. List the prime factors of l.
2, 5, 13
Suppose -2*m - 2*h = -5*h - 647, -4*m + 3*h = -1303. Suppose 0 = k - m - 169. What are the prime factors of k?
7, 71
Let d = -29861 + 53014. List the prime factors of d.
13, 137
Let j(k) = -6*k**2 + 34*k - 28. Let i be j(18). Let g = i - -2160. List the prime factors of g.
2, 5
Let s(k) = -2*k**2 - 2*k - 12. Let z be s(-3). What are the prime factors of ((-9756)/z)/(3/4)?
2, 271
List the prime factors of ((102/136)/(3/13037))/(4/16).
13037
Suppose 2*b - 73335 = 3*u, 2*b - 70580 = 2*u + 2752. What are the prime factors of b?
3, 11, 101
Let q(d) = -351*d - 10388. What are the prime factors of q(-161)?
7, 11, 599
Let q be 1/5 - (-538)/10. Let k be (-9)/q + 25/6. Suppose 2*j + 189 = 3*g, -k*g - 3*j = 69 - 338. List the prime factors of g.
5, 13
Suppose 4*q - 15972 = -5*h, 2*h - 10*q - 6388 = -12*q. List the prime factors of h.
2, 17, 47
Let z = -15635 - -18761. List the prime factors of z.
2, 3, 521
Let q be ((-158)/(-5) + -2)/(100/2250). Suppose 2*u - 4*s - 916 = 0, 5*u - 4*s + q = 2944. What are the prime factors of u?
2, 227
Let s be -10*((-35)/(-25) - -1). Let m be -2 - (s/9)/((-2)/(-33)). Suppose -p - 4 + m = 0. What are the prime factors of p?
2, 19
Let t = -222 + 566. Suppose -4*d - 5*p = -2367, -d - 5*p + 229 = -t. List the prime factors of d.
2, 13, 23
Suppose 14 = -3*b +